 c(-3). Suppose v = -i + 84. Is i a prime number?
True
Let t = 533975 - -97310. Is t a composite number?
True
Let a(w) = 105*w**2 + 2*w - 21. Let p(k) = 52*k**2 + k - 10. Let f(n) = -6*a(n) + 13*p(n). Let u be f(3). Suppose 0 = 5*m - u - 32. Is m composite?
False
Suppose -3690221 = -5*k - j, 8 - 20 = -2*j. Is k a prime number?
True
Is (2 + -3)*(-11 + -11202) composite?
False
Let v be 22/5 - (44/10)/11. Suppose 3*u + 5*c + 2088 = v*u, 4*u + 2*c - 8242 = 0. Is u composite?
False
Suppose -5*b + 382 = n, -2*b + 1486 = 4*n - 3*b. Suppose 0*p + 384 = -4*g + p, -4*g + 4*p - n = 0. Let q = 176 + g. Is q composite?
False
Is (-30)/50*-40 + 1743761 a composite number?
True
Let h(k) = 1361*k**2 - 4*k - 4. Let n be (0 + 1)*30/(-30). Let t be 2*((-1)/(-4))/(n/2). Is h(t) composite?
False
Suppose -5*a + 8*a - 6 = 0, z + 3*a = 7. Is (7/(-21))/(z*(-1)/2931) composite?
False
Suppose 2*c = -5*p - 2051, -2*p = p + 3*c + 1236. Let h = p - -1142. Is h a prime number?
True
Let c = 7220 + -7209. Let n = 5 - 1. Suppose -q = h - c + n, 4*h - 2*q = 52. Is h prime?
True
Suppose -138 = 4*r - 27*r. Suppose -12*v = -r*v - 3684. Is v composite?
True
Let p(x) be the second derivative of 27*x**5/20 + 5*x**4/6 - 5*x**3/6 + 3*x**2/2 + x - 161. Is p(4) a prime number?
True
Let v = 1667710 + -1103627. Is v a prime number?
False
Let s be (4/30 + (-722)/15)*1. Let m = s + 78. Suppose -33*o + 282 = -m*o. Is o a composite number?
True
Suppose -5*l + 17*y - 20*y = -91045, -5*l + 91065 = -y. Let q = 35289 - l. Is q a composite number?
False
Suppose 2*z - 3*p - 11854 = p, 5*p - 11836 = -2*z. Is z prime?
True
Suppose 381889 = 69*a + 196015 - 910743. Is a a prime number?
False
Let b(q) = 2*q**3 + 20*q**2 - 27*q - 52. Let r be b(-11). Let a(h) = 2*h**3 - 4*h**2 - 6*h + 5. Let k be a(4). Is 298/r*k/6 a prime number?
False
Is -3774*((-6335)/21 - 0) - 7 a composite number?
False
Suppose -u + 103139 = 4*q - 207404, u = 5*q + 310579. Is u a prime number?
True
Let y = -346 - -416. Is 3116344/y + 3/(-15) a prime number?
True
Let y be ((-1)/(4/(-3)))/((-16)/1024). Let i = 112 + y. Suppose 0 = 5*q + i - 354. Is q composite?
True
Suppose -9*v = -v + 41096. Let p = -6 - v. Is p a prime number?
False
Let c(h) = -h**3 - 52. Let g be c(0). Suppose -2*b - 4*b + 2766 = 0. Let z = g + b. Is z a composite number?
False
Suppose -3*d = 5*s - 75647, 0 = 3*s - 5*d - 17414 - 27947. Is s a composite number?
True
Let w be 4/((-8)/2 - (-3 - 3)). Is 8538/15*(2 - (-1)/w) a prime number?
True
Suppose -3*k = -5*h + 4*h + 17938, 4*h = 3*k + 71734. Let x = h + -7138. Suppose 11*l = 34207 + x. Is l a prime number?
True
Suppose 2*k + 6*m - 196482 = 11*m, -3*m + 98263 = k. Is k a composite number?
False
Suppose 0 = -3*f + o, o = -5*f + 4*f. Suppose f = 4*z - j + 653 + 627, 2*z = -3*j - 654. Let l = 418 - z. Is l composite?
False
Suppose 57*m - 60 = 59*m. Let b be m/(-3)*(-898)/(-4). Suppose x = d - x - 735, -3*d - 2*x = -b. Is d a composite number?
True
Let p(b) = -62*b**3 - 4*b**2 - 2*b - 31. Is p(-13) a prime number?
True
Suppose 4 = -v, -3*d + 12231 = -2*v - 20858. Is d composite?
False
Let n(q) = -4303*q**3 + 6*q**2 + 36*q - 4. Is n(-5) a prime number?
True
Let p(b) = -b**3 + 5*b**2 + 5*b + 13. Let z be p(7). Let q = z - -69. Let c(t) = 21*t + 8. Is c(q) a prime number?
False
Suppose 1 = 11*v - 10. Is ((-15468)/(-16))/v - (-1)/4 prime?
True
Let k = 40 + -44. Let w(i) = -76*i**3 - 4*i**2 - 12*i - 9. Let r be w(k). Suppose r - 1029 = 10*v. Is v prime?
False
Let y(s) = 39*s**2 - 5*s + 3. Let g(v) = 2*v - 16. Let p be g(-7). Let k = p + 26. Is y(k) composite?
False
Let g be -2*(6/4 + -6). Suppose g*n = 4*n + 2*l + 36713, -2*n + 14688 = 2*l. Is n a prime number?
False
Suppose 39*j - 3*m + 5581553 = 44*j, 2*m + 3348947 = 3*j. Is j composite?
True
Let z = -91619 - -427000. Is z a prime number?
True
Suppose -47922 = -2*c - 5*j + 80814, j + 2 = 0. Is c prime?
True
Let c = 57 + -50. Is 0 - 0 - (c + -17214 - -4) a composite number?
False
Suppose 3*l = s - 61, -2*l - 2*s = l + 67. Let d = l - -21. Suppose 4*p - u - 4768 = d, -u + 3583 = p + 2*p. Is p composite?
False
Let c = 223529 + 7320. Is c composite?
False
Let w be -13 - -16 - (-41 + -1). Is ((-30)/w)/((-2)/2121) prime?
False
Let l = -2421 + 2430. Let s(p) = 4*p**3 - 11*p**2 + p - 3. Let a(u) = 12*u**3 - 32*u**2 + 4*u - 8. Let x(d) = 4*a(d) - 11*s(d). Is x(l) a composite number?
True
Suppose -4*w + 64 = -8. Let m = -16 + w. Suppose -m*n + 7*n = 1005. Is n composite?
True
Is 1 - (-374970 - (18/207 + 272/46)) a composite number?
False
Let f(m) = 9*m**2 - 21*m + 155. Let d be f(35). Let c = d - 6802. Is c a composite number?
False
Suppose 94*f = 95*f - 3460. Is 1 + f - (9 + -1) prime?
False
Let v be 9 + 8*2/(-4). Suppose 8*c + v*w + 35 = 3*c, 5*c - 5 = 3*w. Is 7397/13 + 3/((-3)/c) composite?
False
Suppose 21*c - 482 = -12578. Let z = c + 13265. Is z a composite number?
False
Suppose -14*p = 10*p - 48. Suppose 4*l = 5*x - 39205, -p*x - 4*l + 14844 + 838 = 0. Is x composite?
False
Is -4*3/2 + 59134*112/32 prime?
False
Let w be ((-60)/35)/((24/987)/(-4)). Is (-60590)/(-16) - (-6 - w/(-48)) prime?
False
Suppose 14*a - 52*a = -152. Suppose -21306 = -a*r - 2*r. Is r prime?
False
Let u(x) = 14 + 13 + 10 + 14*x. Let w be (-44)/8*-4 - 2. Is u(w) prime?
True
Suppose r - 27124 = 4*o + 422205, r + 4*o = 449305. Is r composite?
True
Let z = -122 + 26. Is (-109810)/(-12) - ((-848)/z - 9) composite?
False
Let t be (-445)/3*23616/(-480). Let b = t - -2837. Is b a composite number?
True
Is ((-3630)/60 - -61)*((-520686)/(-2) - 1) prime?
True
Suppose 10*x - 40 = 6*x. Suppose 0 = -r, -11*a + r + 907 = -x*a. Is a composite?
False
Suppose -5*k + 11*k = 25374. Is k a prime number?
True
Suppose -141*z + 8516130 + 30570887 = -3315490. Is z a prime number?
False
Let v(i) be the third derivative of 11*i**6/30 - i**5/15 - 5*i**4/12 + 7*i**3/6 - 268*i**2. Is v(4) a composite number?
False
Let s(x) = -x**3 + x**2 - 8*x + 18. Let r be s(5). Let f = r - -217. Is f prime?
False
Suppose 0*k = -2*k + p + 9, 3*p = -3*k. Suppose -3*h - 531 = -7524. Suppose -10 = g - k*g, 2*q + g - h = 0. Is q composite?
False
Let l = -24 - -18. Let j be 23448/10*(-20)/l. Suppose 0*v = 8*v - j. Is v prime?
True
Suppose 36*h - 1901416 - 875516 = 0. Is h composite?
False
Suppose 7*w + 191 = -138. Let z = w - -46. Is (3 - 4)*(-3 - (393 - z)) a composite number?
False
Let d(l) = 47*l + 371. Let s be d(-23). Let y(m) = -11*m**3 + 2*m**2 + 2*m - 3. Let i be y(2). Let x = i - s. Is x a prime number?
True
Let w(f) be the second derivative of 2*f**4/3 - f**3/3 + 14*f**2 + f. Let l be w(-12). Suppose 26*g = 22*g + l. Is g composite?
True
Suppose -2*g = 2*c - 222638, -42*c + 2*g = -39*c - 333972. Is c composite?
True
Suppose 5*g - 1615 = -2*l - 326, 0 = 3*l - g - 1942. Let k(q) = q - 4. Let w be k(6). Suppose 591 = w*a - l. Is a a composite number?
False
Let u(a) = 3*a**2 - 14*a + 25. Let z be u(2). Suppose -6*o = -z*o + 25203. Is o a prime number?
False
Let c be (6/9)/((2 + 2)/(-4932)). Let y = 7281 + c. Is y composite?
True
Suppose q - 16137 = -t, -5*t = -2*q + 27222 + 5087. Let x = q + -5629. Is x composite?
False
Suppose -59 = -p - 64, 99464 = 2*b - 2*p. Is b composite?
False
Let f be 5 + 100/(-12) + 10/(-15). Is 121141/253 + f/(-22) a composite number?
False
Let i(d) = 14*d**2 - 21*d + 9. Let w(h) = -h**3 - 10*h**2 - 6*h + 1. Let v be w(-9). Let a = v + 34. Is i(a) composite?
True
Is 130492 + -1 + (-29 - -21) a composite number?
False
Let i = 186 + -169. Suppose 10*z = i*z - 36393. Is z a prime number?
False
Suppose 0 = -16*k + 17285 + 85947. Let v = k - -1733. Is v a composite number?
True
Let n(s) = s**3 - 3*s**2 + 6*s. Let t be n(3). Suppose -t*m + 54578 + 46636 = 0. Is m prime?
True
Let h be 0*4/16 - -1. Is 21023 - 20 - h/(-1)*-2 composite?
False
Let j(w) = w**3 + 2*w**2 + w + 1157. Let i be j(0). Is i - (9 + -3)*-1 prime?
True
Is (127951 + (3 - 0))/(46/299) a prime number?
False
Let k(q) = -29*q - 5*q**2 + 42*q - 25*q - 4*q**2 + 7 - 19*q**3 - q**2. Is k(-2) composite?
True
Suppose -668 = 8*t - 12*t - 2*n, 5*t - 4*n = 809. Suppose -157*r = -t*r + 60856. Is r composite?
False
Suppose -4225337 = -20*n + 11212923. Is n a composite number?
True
Suppose -3*x - 12 - 30 = 0. Let w(l) be the first derivative of l**3/3 - 4*l**2 + 6*l - 86. 